{"id":435,"date":"2019-02-05T14:40:35","date_gmt":"2019-02-05T12:40:35","guid":{"rendered":"https:\/\/www.adel.cat\/perque-nosaltres\/"},"modified":"2022-04-01T07:12:46","modified_gmt":"2022-04-01T05:12:46","slug":"por-que-nosotros","status":"publish","type":"page","link":"https:\/\/www.adel.cat\/es\/por-que-nosotros\/","title":{"rendered":"\u00bfPor qu\u00e9 nosotros?"},"content":{"rendered":"\t\t<div data-elementor-type=\"wp-post\" data-elementor-id=\"435\" class=\"elementor elementor-435 elementor-45\" data-elementor-post-type=\"page\">\n\t\t\t\t\t\t<section class=\"elementor-section elementor-top-section elementor-element elementor-element-3ce67fc elementor-section-stretched elementor-section-boxed elementor-section-height-default elementor-section-height-default\" data-id=\"3ce67fc\" data-element_type=\"section\" data-e-type=\"section\" data-settings=\"{&quot;stretch_section&quot;:&quot;section-stretched&quot;,&quot;background_background&quot;:&quot;classic&quot;,&quot;shape_divider_bottom&quot;:&quot;opacity-tilt&quot;}\">\n\t\t\t\t\t\t\t<div class=\"elementor-background-overlay\"><\/div>\n\t\t\t\t\t\t<div class=\"elementor-shape elementor-shape-bottom\" aria-hidden=\"true\" data-negative=\"false\">\n\t\t\t<svg xmlns=\"http:\/\/www.w3.org\/2000\/svg\" viewBox=\"0 0 2600 131.1\" preserveAspectRatio=\"none\">\n\t<path class=\"elementor-shape-fill\" d=\"M0 0L2600 0 2600 69.1 0 0z\"\/>\n\t<path class=\"elementor-shape-fill\" style=\"opacity:0.5\" d=\"M0 0L2600 0 2600 69.1 0 69.1z\"\/>\n\t<path class=\"elementor-shape-fill\" style=\"opacity:0.25\" d=\"M2600 0L0 0 0 130.1 2600 69.1z\"\/>\n<\/svg>\t\t<\/div>\n\t\t\t\t\t<div class=\"elementor-container elementor-column-gap-default\">\n\t\t\t\t\t<div class=\"elementor-column elementor-col-100 elementor-top-column elementor-element elementor-element-70f87dc\" data-id=\"70f87dc\" data-element_type=\"column\" data-e-type=\"column\">\n\t\t\t<div class=\"elementor-widget-wrap elementor-element-populated\">\n\t\t\t\t\t\t<div class=\"elementor-element elementor-element-80b3bac elementor-widget elementor-widget-heading\" data-id=\"80b3bac\" data-element_type=\"widget\" data-e-type=\"widget\" data-widget_type=\"heading.default\">\n\t\t\t\t<div class=\"elementor-widget-container\">\n\t\t\t\t\t<h2 class=\"elementor-heading-title elementor-size-default\">\u00bfPor qu\u00e9 nosotros?<\/h2>\t\t\t\t<\/div>\n\t\t\t\t<\/div>\n\t\t\t\t<div class=\"elementor-element elementor-element-979419b elementor-widget elementor-widget-text-editor\" data-id=\"979419b\" data-element_type=\"widget\" data-e-type=\"widget\" data-widget_type=\"text-editor.default\">\n\t\t\t\t<div class=\"elementor-widget-container\">\n\t\t\t\t\t\t\t\t\t<p>El mantenimiento y mejora de la calidad de vida de las familias dentro del \u00e1mbito domiciliario, con un conocimiento exhaustivo de la necesidad o problem\u00e1tica que puedan presentar, mediante entrevistas de valoraci\u00f3n iniciales en el domicilio.<\/p><p>Proximidad y conocimiento del personal laboral con coordinaci\u00f3n y seguimiento de los servicios que atendemos. Asimismo, las personas que forman parte de nuestra plantilla disponen de la titulaci\u00f3n y experiencia necesaria.<\/p><p>Con los profesionales que tenemos en bolsa, ha habido un trabajo previo de selecci\u00f3n con el curr\u00edculo, entrevista personal y competencial. Las personas que forman parte del equipo disponen de la titulaci\u00f3n y experiencia necesaria, verificada mediante la comprobaci\u00f3n de la experiencia profesional y pidiendo referencias.<\/p><p>Formaci\u00f3n continua al personal laboral.<\/p>\t\t\t\t\t\t\t\t<\/div>\n\t\t\t\t<\/div>\n\t\t\t\t\t<\/div>\n\t\t<\/div>\n\t\t\t\t\t<\/div>\n\t\t<\/section>\n\t\t\t\t<\/div>\n\t\t","protected":false},"excerpt":{"rendered":"<p>\u00bfPor qu\u00e9 nosotros? El mantenimiento y mejora de la calidad de vida de las familias dentro del \u00e1mbito domiciliario, con un conocimiento exhaustivo de la necesidad o problem\u00e1tica que puedan presentar, mediante entrevistas de valoraci\u00f3n iniciales en el domicilio. Proximidad y conocimiento del personal laboral con coordinaci\u00f3n y seguimiento de los servicios que atendemos. Asimismo, &#8230; <a title=\"\u00bfPor qu\u00e9 nosotros?\" class=\"read-more\" href=\"https:\/\/www.adel.cat\/es\/por-que-nosotros\/\" aria-label=\"Leer m\u00e1s sobre \u00bfPor qu\u00e9 nosotros?\">Leer m\u00e1s<\/a><\/p>\n","protected":false},"author":4,"featured_media":0,"parent":0,"menu_order":0,"comment_status":"closed","ping_status":"closed","template":"","meta":{"footnotes":""},"class_list":["post-435","page","type-page","status-publish"],"_links":{"self":[{"href":"https:\/\/www.adel.cat\/es\/wp-json\/wp\/v2\/pages\/435","targetHints":{"allow":["GET"]}}],"collection":[{"href":"https:\/\/www.adel.cat\/es\/wp-json\/wp\/v2\/pages"}],"about":[{"href":"https:\/\/www.adel.cat\/es\/wp-json\/wp\/v2\/types\/page"}],"author":[{"embeddable":true,"href":"https:\/\/www.adel.cat\/es\/wp-json\/wp\/v2\/users\/4"}],"replies":[{"embeddable":true,"href":"https:\/\/www.adel.cat\/es\/wp-json\/wp\/v2\/comments?post=435"}],"version-history":[{"count":4,"href":"https:\/\/www.adel.cat\/es\/wp-json\/wp\/v2\/pages\/435\/revisions"}],"predecessor-version":[{"id":470,"href":"https:\/\/www.adel.cat\/es\/wp-json\/wp\/v2\/pages\/435\/revisions\/470"}],"wp:attachment":[{"href":"https:\/\/www.adel.cat\/es\/wp-json\/wp\/v2\/media?parent=435"}],"curies":[{"name":"wp","href":"https:\/\/api.w.org\/{rel}","templated":true}]}}

¿Por qué nosotros?

<div data-elementor-type="wp-post" data-elementor-id="435" class="elementor elementor-435 elementor-45" data-elementor-post-type="page">
						<section class="elementor-section elementor-top-section elementor-element elementor-element-3ce67fc elementor-section-stretched elementor-section-boxed elementor-section-height-default elementor-section-height-default" data-id="3ce67fc" data-element_type="section" data-e-type="section" data-settings="{&quot;stretch_section&quot;:&quot;section-stretched&quot;,&quot;background_background&quot;:&quot;classic&quot;,&quot;shape_divider_bottom&quot;:&quot;opacity-tilt&quot;}">
							<div class="elementor-background-overlay"></div>
						<div class="elementor-shape elementor-shape-bottom" aria-hidden="true" data-negative="false">
			<svg xmlns="http://www.w3.org/2000/svg" viewBox="0 0 2600 131.1" preserveAspectRatio="none">
	<path class="elementor-shape-fill" d="M0 0L2600 0 2600 69.1 0 0z"/>
	<path class="elementor-shape-fill" style="opacity:0.5" d="M0 0L2600 0 2600 69.1 0 69.1z"/>
	<path class="elementor-shape-fill" style="opacity:0.25" d="M2600 0L0 0 0 130.1 2600 69.1z"/>
</svg>		</div>
					<div class="elementor-container elementor-column-gap-default">
					<div class="elementor-column elementor-col-100 elementor-top-column elementor-element elementor-element-70f87dc" data-id="70f87dc" data-element_type="column" data-e-type="column">
			<div class="elementor-widget-wrap elementor-element-populated">
						<div class="elementor-element elementor-element-80b3bac elementor-widget elementor-widget-heading" data-id="80b3bac" data-element_type="widget" data-e-type="widget" data-widget_type="heading.default">
				<div class="elementor-widget-container">
					<h2 class="elementor-heading-title elementor-size-default">¿Por qué nosotros?</h2>				</div>
				</div>
				<div class="elementor-element elementor-element-979419b elementor-widget elementor-widget-text-editor" data-id="979419b" data-element_type="widget" data-e-type="widget" data-widget_type="text-editor.default">
				<div class="elementor-widget-container">
									<p>El mantenimiento y mejora de la calidad de vida de las familias dentro del ámbito domiciliario, con un conocimiento exhaustivo de la necesidad o problemática que puedan presentar, mediante entrevistas de valoración iniciales en el domicilio.</p><p>Proximidad y conocimiento del personal laboral con coordinación y seguimiento de los servicios que atendemos. Asimismo, las personas que forman parte de nuestra plantilla disponen de la titulación y experiencia necesaria.</p><p>Con los profesionales que tenemos en bolsa, ha habido un trabajo previo de selección con el currículo, entrevista personal y competencial. Las personas que forman parte del equipo disponen de la titulación y experiencia necesaria, verificada mediante la comprobación de la experiencia profesional y pidiendo referencias.</p><p>Formación continua al personal laboral.</p>								</div>
				</div>
					</div>
		</div>
					</div>
		</section>
				</div>

<p>¿Por qué nosotros? El mantenimiento y mejora de la calidad de vida de las familias dentro del ámbito domiciliario, con un conocimiento exhaustivo de la necesidad o problemática que puedan presentar, mediante entrevistas de valoración iniciales en el domicilio. Proximidad y conocimiento del personal laboral con coordinación y seguimiento de los servicios que atendemos. Asimismo, &#8230; <a title="¿Por qué nosotros?" class="read-more" href="https://www.adel.cat/es/por-que-nosotros/" aria-label="Leer más sobre ¿Por qué nosotros?">Leer más</a></p>
